 the prime factors of 4609742.
2, 19, 121309
List the prime factors of 658025.
5, 26321
What are the prime factors of 4668452?
2, 19, 53, 61
What are the prime factors of 136346?
2, 7, 9739
List the prime factors of 2458674.
2, 3, 5059
List the prime factors of 5141413.
389, 13217
What are the prime factors of 349529?
349529
What are the prime factors of 1050093?
3, 11, 10607
What are the prime factors of 1655720?
2, 5, 11, 53, 71
List the prime factors of 1839474.
2, 3, 7, 13, 1123
What are the prime factors of 21409?
79, 271
List the prime factors of 15168034.
2, 7, 1083431
List the prime factors of 2593944.
2, 3, 4003
List the prime factors of 68837.
19, 3623
List the prime factors of 2480416.
2, 77513
What are the prime factors of 229184?
2, 3581
List the prime factors of 3651394.
2, 149, 12253
What are the prime factors of 1030741?
1030741
List the prime factors of 14060191.
47, 293, 1021
List the prime factors of 167349.
3, 7, 13, 613
List the prime factors of 1579350.
2, 3, 5, 10529
What are the prime factors of 6217348?
2, 47, 33071
What are the prime factors of 298992?
2, 3, 6229
List the prime factors of 3795462.
2, 3, 11, 29, 661
List the prime factors of 85147.
85147
What are the prime factors of 367902?
2, 3, 757
List the prime factors of 112137.
3, 37379
List the prime factors of 9287599.
19, 488821
What are the prime factors of 140786?
2, 70393
What are the prime factors of 1693326?
2, 3, 282221
List the prime factors of 4154148.
2, 3, 257, 449
What are the prime factors of 129013?
17, 7589
List the prime factors of 7953972.
2, 3, 13, 67, 761
What are the prime factors of 2573054?
2, 11, 29, 37, 109
List the prime factors of 2555046.
2, 3, 13, 61, 179
What are the prime factors of 2027253?
3, 675751
List the prime factors of 188863.
188863
List the prime factors of 123412.
2, 30853
List the prime factors of 3803364.
2, 3, 105649
List the prime factors of 5325811.
17, 23, 53, 257
List the prime factors of 331557.
3, 29, 37, 103
List the prime factors of 2667610.
2, 5, 11, 24251
List the prime factors of 3341014.
2, 43, 53, 733
List the prime factors of 128840.
2, 5, 3221
List the prime factors of 314687.
17, 107, 173
List the prime factors of 454623.
3, 13, 11657
What are the prime factors of 2400286?
2, 7, 171449
List the prime factors of 11639682.
2, 3, 37, 17477
List the prime factors of 1159154.
2, 23, 113, 223
List the prime factors of 2581977.
3, 17, 50627
List the prime factors of 14021531.
14021531
What are the prime factors of 1814086?
2, 41, 22123
List the prime factors of 402398.
2, 173, 1163
List the prime factors of 10366952.
2, 1295869
List the prime factors of 171900.
2, 3, 5, 191
What are the prime factors of 59150?
2, 5, 7, 13
What are the prime factors of 41208?
2, 3, 17, 101
What are the prime factors of 1011623?
31, 32633
List the prime factors of 1429090.
2, 5, 13, 10993
What are the prime factors of 21180?
2, 3, 5, 353
List the prime factors of 19173474.
2, 3, 37, 28789
List the prime factors of 7999490.
2, 5, 799949
What are the prime factors of 457475?
5, 29, 631
List the prime factors of 32048999.
32048999
What are the prime factors of 414759?
3, 23, 6011
What are the prime factors of 108303?
3, 13, 2777
What are the prime factors of 375440?
2, 5, 13, 19
What are the prime factors of 257780?
2, 5, 12889
List the prime factors of 911664.
2, 3, 13, 487
What are the prime factors of 8850083?
11, 804553
List the prime factors of 8125227.
3, 11, 82073
What are the prime factors of 222690?
2, 3, 5, 13, 571
What are the prime factors of 445407?
3, 148469
List the prime factors of 9571467.
3, 31, 101, 1019
What are the prime factors of 1119136?
2, 41, 853
List the prime factors of 14330275.
5, 19, 30169
What are the prime factors of 365535?
3, 5, 8123
List the prime factors of 455796.
2, 3, 11, 1151
What are the prime factors of 30993?
3, 10331
What are the prime factors of 221343?
3, 89, 829
What are the prime factors of 3394205?
5, 43, 15787
List the prime factors of 15553284.
2, 3, 89, 14563
What are the prime factors of 4702977?
3, 522553
What are the prime factors of 1317347?
17, 77491
List the prime factors of 398362.
2, 199181
List the prime factors of 134400.
2, 3, 5, 7
List the prime factors of 216502.
2, 11, 13, 757
What are the prime factors of 7780554?
2, 3, 313, 1381
List the prime factors of 401993.
401993
List the prime factors of 265336.
2, 17, 1951
List the prime factors of 6814117.
6814117
What are the prime factors of 6421391?
107, 60013
What are the prime factors of 361588?
2, 90397
What are the prime factors of 314039?
11, 28549
What are the prime factors of 6478151?
47, 337, 409
What are the prime factors of 900829?
31, 29059
List the prime factors of 13209067.
1747, 7561
What are the prime factors of 17779112?
2, 13, 170953
What are the prime factors of 452399?
37, 12227
List the prime factors of 3550960.
2, 5, 7, 17, 373
List the prime factors of 974308.
2, 243577
List the prime factors of 13264381.
13, 1020337
What are the prime factors of 7193991?
3, 7, 67, 5113
List the prime factors of 562555.
5, 7, 16073
What are the prime factors of 66240?
2, 3, 5, 23
List the prime factors of 26238390.
2, 3, 5, 73, 11981
List the prime factors of 5080470.
2, 3, 5, 23, 37, 199
List the prime factors of 295680.
2, 3, 5, 7, 11
List the prime factors of 7006534.
2, 3503267
List the prime factors of 112474.
2, 56237
List the prime factors of 309120.
2, 3, 5, 7, 23
List the prime factors of 2352788.
2, 43, 13679
What are the prime factors of 5914636?
2, 7, 13, 16249
List the prime factors of 2709461.
683, 3967
What are the prime factors of 2187486?
2, 3, 7, 643
List the prime factors of 944548.
2, 11, 21467
List the prime factors of 6880441.
6880441
What are the prime factors of 504939?
3, 37, 4549
What are the prime factors of 14582905?
5, 2916581
List the prime factors of 181868.
2, 19, 2393
What are the prime factors of 3244420?
2, 5, 162221
What are the prime factors of 477183?
3, 7, 31, 733
What are the prime factors of 10610715?
3, 5, 229, 3089
List the prime factors of 2984649.
3, 31, 67, 479
What are the prime factors of 820305?
3, 5, 18229
List the prime factors of 205768.
2, 17, 89
What are the prime factors of 1006113?
3, 151, 2221
What are the prime factors of 1796630?
2, 5, 11, 16333
What are the prime factors of 1398375?
3, 5, 11, 113
List the prime factors of 306394.
2, 11, 19, 733
List the prime factors of 696033.
3, 13, 661
List the prime factors of 4320227.
17, 67, 3793
What are the prime factors of 704310?
2, 3, 5, 17, 1381
What are the prime factors of 6695119?
53, 126323
What are the prime factors of 470774?
2, 401, 587
What are the prime factors of 925214?
2, 462607
What are the prime factors of 1114939?
7, 19, 83, 101
List the prime factors of 18739901.
18739901
List the prime factors of 10261004.
2, 13, 43, 353
What are the prime factors of 782189?
782189
List the prime factors of 13068262.
2, 6534131
What are the prime factors of 4551194?
2, 23, 98939
What are the prime factors of 3313479?
3, 13, 84961
What are the prime factors of 61234?
2, 17, 1801
What are the prime factors of 3491981?
3491981
What are the prime factors of 1164820?
2, 5, 139, 419
List the prime factors of 10015412.
2, 11, 20693
List the prime factors of 2035706.
2, 43, 23671
What are the prime factors of 60035?
5, 12007
What are the prime factors of 232666?
2, 7, 16619
What are the prime factors of 11533116?
2, 3, 7, 31, 43, 103
What are the prime factors of 93976?
2, 17, 691
What are the prime factors of 31562866?
2, 41, 384913
What are the prime factors of 41772189?
3, 13924063
What are the prime factors of 376018?
2, 229, 821
List the prime factors of 452630.
2, 5, 45263
List the prime factors of 389201.
131, 2971
List the prime factors of 783057.
3, 11, 61, 389
List the prime factors of 3874788.
2, 3, 37, 2909
List the prime factors of 11801720.
2, 5, 7, 113, 373
List the prime factors of 7865239.
73, 163, 661
What are the prime factors of 2321878?
2, 13, 89303
What are the prime factors of 445207?
7, 63601
List the prime factors of 213816.
2, 3, 59, 151
What are the prime factors of 1782371?
19, 93809
What are the prime factors of 1288967?
1288967
List the prime factors of 1248704.
2, 109, 179
What ar